base 3
-1221101012210
Convert 28a8 (base 13) to base 7.
23104
126357 (base 10) to base 5
13020412
What is -294482a (base 11) in base 6?
-300222113
What is 460b25 (base 16) in base 15?
60a19d
Convert -330065 (base 9) to base 3.
-101000002012
-115bcb1 (base 13) to base 4
-110132113032
Convert -4cec6 (base 15) to base 10.
-246336
404022424 (base 5) to base 16
18d1f6
What is -111011000101111101011 (base 2) in base 10?
-1936363
Convert 1004140320 (base 5) to base 7.
23116051
What is -1101132021 (base 4) in base 14?
-89881
What is 239dbd (base 14) in base 15?
190ea7
Convert -2310203003 (base 4) to base 2.
-10110100100011000011
728243 (base 10) to base 9
1328858
What is 110223033 (base 4) in base 16?
14acf
543644 (base 9) to base 11
20163a
Convert 102010210000 (base 3) to base 2.
110101100010000011
1220201021 (base 3) to base 13
1420c
What is -359118 (base 13) in base 6?
-43210223
44500035 (base 7) to base 5
1441130304
Convert -551432045 (base 6) to base 14.
-145276d
-7687039 (base 11) to base 8
-63362730
Convert 21308530 (base 9) to base 11.
5892123
838478 (base 14) to base 16
43c26a
What is 953684 (base 11) in base 10?
1527475
What is -101001110111100010001 (base 2) in base 4?
-11032330101
-65161 (base 7) to base 14
-5ca1
-175526 (base 10) to base 3
-22220202222
Convert -3198795 (base 10) to base 15.
-432bd0
-624175 (base 10) to base 9
-1151177
Convert -31224154 (base 7) to base 14.
-4c5ad4
What is -100020021100 (base 3) in base 12?
-891b3
Convert 28747 (base 10) to base 4.
13001023
Convert -1516277 (base 10) to base 11.
-946224
-175632 (base 8) to base 7
-355533
269d1 (base 14) to base 10
95243
Convert -4004 (base 12) to base 14.
-2740
-297935 (base 10) to base 11
-193930
Convert 1013231333 (base 4) to base 6.
10143555
What is 363672 (base 8) in base 4?
132132322
What is -97c08 (base 13) in base 3?
-111221111100
115759a (base 12) to base 15
46303a
-4165664 (base 9) to base 14
-420132
Convert c9eb4 (base 15) to base 13.
195b08
What is 2445226 (base 8) in base 10?
674454
6015505 (base 7) to base 13
1bb395
Convert -10110010011010000101011 (base 2) to base 5.
-2444033214
-472a7 (base 13) to base 14
-355aa
What is 54205141 (base 6) in base 3?
10000102220021
-102122020021 (base 3) to base 8
-677323
Convert 4a65 (base 11) to base 12.
39a5
Convert -2474a7 (base 13) to base 16.
-d523e
What is 117550 (base 10) in base 13?
41674
What is 89868 (base 14) in base 15?
68d09
What is 230123301 (base 4) in base 10?
182001
What is 21021132 (base 4) in base 7?
214146
What is -7abc70 (base 16) in base 13?
-188825c
What is -55246 (base 12) in base 6?
-2225330
206360 (base 7) to base 14
d0d7
What is bb3e (base 16) in base 3?
2102202100
What is 2a0b4a (base 13) in base 7?
11520154
104421632 (base 7) to base 2
11000000100000011110111
-6310584 (base 9) to base 13
-91127b
What is -201323020112 (base 4) in base 6?
-514335022
343615 (base 7) to base 13
21c10
-201021103 (base 4) to base 5
-13321023
-1002301012 (base 4) to base 7
-2216212
What is 288878 (base 9) in base 13?
6281c
Convert -1bd14 (base 15) to base 6.
-1535514
What is 2203002033 (base 4) in base 12?
282553
362125 (base 7) to base 5
4044311
Convert 313344142 (base 5) to base 10.
1309297
What is 23bea (base 16) in base 3?
21102211121
-23d72 (base 15) to base 14
-2d99d
50539 (base 15) to base 3
110220211200
Convert 45853 (base 9) to base 10.
30585
Convert 106514436 (base 7) to base 15.
8984d6
93d8b (base 15) to base 7
3661532
-1001663 (base 8) to base 13
-9299a
-332410413 (base 5) to base 6
-51032205
What is 10002202211 (base 3) in base 11?
41978
Convert 1ba571 (base 13) to base 5.
140131441
-15bee (base 15) to base 8
-211067
What is -8310840 (base 9) in base 13?
-bc4108
Convert -143723 (base 9) to base 12.
-42b70
Convert 55100404 (base 6) to base 7.
16642630
What is -22212232 (base 7) in base 15?
-27d9c1
What is -6592013 (base 10) in base 14?
-c384a1
1301331331 (base 4) to base 7
3652654
Convert 152861 (base 10) to base 3.
21202200112
What is -150406 (base 7) in base 15?
-88e4
What is 285934 (base 11) in base 13?
128606
8764907 (base 10) to base 3
121111022012012
2504646 (base 8) to base 14
13d966
Convert -5224c7 (base 13) to base 8.
-7243544
Convert -21006 (base 11) to base 7.
-155161
What is 67e304 (base 15) in base 6?
254140134
64049 (base 12) to base 16
20139
Convert -30731751 (base 8) to base 4.
-120323033221
-8c3bc (base 13) to base 10
-255514
Convert 121000313 (base 4) to base 3.
12012112122
What is -110111100110101011110 (base 2) in base 13?
-4ba445
Convert 1010101101100000 (base 2) to base 12.
21480
What is -1350124 (base 6) in base 10?
-76516
120020021111 (base 3) to base 9
506244
1030401104 (base 5) to base 14
413b3c
What is 11003534 (base 6) in base 10?
327442
Convert -4dc5 (base 16) to base 5.
-1114114
Convert -ecef3 (base 16) to base 2.
-11101100111011110011
Convert -11446862 (base 10) to base 9.
-23476125
Convert 12556 (base 13) to base 10.
33871
22ab49 (base 12) to base 6
15543333
Convert -13132312323 (base 4) to base 12.
-7a70a3
What is 28208 (base 10) in base 2?
110111000110000
What is 75d78 (base 16) in base 4?
1311311320
-d0bf (base 16) to base 7
-311541
What is 31201211 (base 5) in base 4?
332212233
590282 (base 14) to base 5
1234112440
-129321 (base 11) to base 16
-317ca
What is 303250534 (base 6) in base 13?
110145a
Convert 2436089 (base 10) to base 4.
21102233321
Convert -200470 (base 10) to base 14.
-530b4
What is -227a6 (base 12) in base 2?
-1011001111101110
What is -2a22c (base 13) in base 12?
-39ba4
110213410 (base 5) to base 10
476105
2133023 (base 5) to base 11
25588
-35977 (base 10) to base 4
-20302021
110010001011111100 (base 2) to base 6
4223404
Convert a457a8 (base 11) to base 6.
55534250
What is a2133 (base 12) in base 15?
427b9
What is 3733471 (base 9) in base 5?
1004424144
What is 4371c5 (base 13) in base 6?
54001112
12104405 (base 6) to base 12
165105
What is 2b5b1 (base 15) in base 10?
139666
What is -a2bcd (base 16) in base 8?
-2425715
Convert -1369a1 (base 13) to base 10.
-471810
842716 (base 11) to base 4
11021231202
112102323020 (base 4) to base 15
7a6b55
What is 2115241 (base 7) in base 8?
764534
Convert 88ad1 (base 16) to base 11.
352672
What is a072 (base 14) in base 11?
19767
-6953c5 (base 15) to base 10
-5029610
-2141868 (base 9) to base 13
-31335b
-1164827 (base 10) to base 4
-10130120123
What is 1883867 (base 11) in base 10?
3182131
What is -431055412 (base 6) in base 9?
-15282518
What is 110052 (base 8) in base 11?
25801
-32311211 (base 5) to base 11
-179243
What is -162481 (base 11) in base 15?
-4ea8c
d1041 (base 16) to base 3
1121111101111
What is -33dc5 (base 14) in base 9?
-212103
-354021 (base 7) to base 11
-43a42
Convert -1603103 (base 8) to base 12.
-1a24ab
-2f7b (base 16) to base 10
-12155
Convert -210302011 (base 4) to base 6.
-3121301
What is -27158 (base 9) in base 15?
-568e
1104534 (base 6) to base 4
31203022
Convert 1114244031 (base 6) to base 12.
4126617
Convert -1104021133 (base 5) to base 10.
-2407668
-8a135 (base 11) to base 15
-28a67
Convert 562822 (base 9) to base 7.
2601512
Convert 3ab4717 (base 12) to base 13.
2560510
c0c15 (base 13) to base 15
6c253
Convert -404413 (base 6) to base 11.
-22151
-2133352 (base 6) to base 15
-2150e
2d564 (base 15) to base 7
1146442
Convert -109668 (base 16) to base 6.
-35144440
Convert 10111121002 (base 3) to base 12.
33aa8
Convert -10110110110010001 (base 2) to base 6.
-2001133
Convert 210412 (base 8) to base 3.
10112212211
What is -100000111110100011 (base 2) in base 12?
-66203
What is 100101011202220 (base 3) in base 10?
4983279
-1100601 (base 7) to base 13
-49446
Convert -1165276 (base 8) to base 7.
-2511320
341638 (base 14) to base 6
101543322
Convert 3133233202 (base 4) to base 5.
213311300
-21011121021 (base 3) to base 14
-39612
Convert -762dd (base 14) to base 11.
-185937
-774de (base 16) to base 11
-304166
What is 5b7781 (base 12) in base 3?
2210110122221
Convert 304414400 (base 6) to base 7.
62462004
10110121011200 (base 3) to base 10
1842309
Convert -122311003 (base 4) to base 8.
-326503
Convert 1001100111110101010100 (base 2) to base 11.
1473179
Convert 4ae09e (base 16) to base 7.
56465415
-13051224 (base 7) to base 15
-187439
11222100001202 (base 3) to base 6
132401202
Convert -121230301212 (base 